{"id":43,"date":"2024-07-15T15:48:31","date_gmt":"2024-07-15T13:48:31","guid":{"rendered":"https:\/\/bonneville.expert\/?page_id=43"},"modified":"2024-07-23T14:20:04","modified_gmt":"2024-07-23T12:20:04","slug":"conseil-en-systemes-dinformation","status":"publish","type":"page","link":"https:\/\/bonneville.expert\/index.php\/conseil-en-systemes-dinformation\/","title":{"rendered":"Conseil en SI"},"content":{"rendered":"\n<p class=\"has-medium-font-size\"><strong>Audit informatique :<\/strong> R\u00e9alisation d&rsquo;audits complets des syst\u00e8mes informatiques pour identifier les points faibles et proposer des am\u00e9liorations.<\/p>\n\n\n\n<p class=\"has-medium-font-size\"><strong>Strat\u00e9gie IT :<\/strong> D\u00e9veloppement de strat\u00e9gies informatiques align\u00e9es sur les objectifs commerciaux pour maximiser l&rsquo;efficacit\u00e9 et la rentabilit\u00e9.<\/p>\n\n\n\n<p class=\"has-medium-font-size\"><strong>Transformation num\u00e9rique :<\/strong> Accompagnement dans la mise en place de solutions num\u00e9riques innovantes pour am\u00e9liorer les processus et la comp\u00e9titivit\u00e9.<\/p>\n","protected":false},"excerpt":{"rendered":"<p>Audit informatique : R\u00e9alisation d&rsquo;audits complets des syst\u00e8mes informatiques pour identifier les points faibles et proposer des am\u00e9liorations. Strat\u00e9gie IT : D\u00e9veloppement de strat\u00e9gies informatiques align\u00e9es sur les objectifs commerciaux pour maximiser l&rsquo;efficacit\u00e9 et la rentabilit\u00e9. Transformation num\u00e9rique : Accompagnement dans la mise en place de solutions num\u00e9riques innovantes pour am\u00e9liorer les processus et la [&hellip;]<\/p>\n","protected":false},"author":1,"featured_media":0,"parent":0,"menu_order":0,"comment_status":"closed","ping_status":"closed","template":"","meta":{"footnotes":""},"class_list":["post-43","page","type-page","status-publish","hentry"],"_links":{"self":[{"href":"https:\/\/bonneville.expert\/index.php\/wp-json\/wp\/v2\/pages\/43","targetHints":{"allow":["GET"]}}],"collection":[{"href":"https:\/\/bonneville.expert\/index.php\/wp-json\/wp\/v2\/pages"}],"about":[{"href":"https:\/\/bonneville.expert\/index.php\/wp-json\/wp\/v2\/types\/page"}],"author":[{"embeddable":true,"href":"https:\/\/bonneville.expert\/index.php\/wp-json\/wp\/v2\/users\/1"}],"replies":[{"embeddable":true,"href":"https:\/\/bonneville.expert\/index.php\/wp-json\/wp\/v2\/comments?post=43"}],"version-history":[{"count":6,"href":"https:\/\/bonneville.expert\/index.php\/wp-json\/wp\/v2\/pages\/43\/revisions"}],"predecessor-version":[{"id":232,"href":"https:\/\/bonneville.expert\/index.php\/wp-json\/wp\/v2\/pages\/43\/revisions\/232"}],"wp:attachment":[{"href":"https:\/\/bonneville.expert\/index.php\/wp-json\/wp\/v2\/media?parent=43"}],"curies":[{"name":"wp","href":"https:\/\/api.w.org\/{rel}","templated":true}]}}